{"id":50,"date":"2016-10-14T18:50:18","date_gmt":"2016-10-14T16:50:18","guid":{"rendered":"http:\/\/reaumur-saintemarie.fr\/?page_id=50"},"modified":"2025-11-27T16:08:47","modified_gmt":"2025-11-27T15:08:47","slug":"accueil-periscolaire","status":"publish","type":"page","link":"https:\/\/reaumur-saintemarie.fr\/index.php\/accueil-periscolaire\/","title":{"rendered":"Accueil p\u00e9riscolaire"},"content":{"rendered":"<h3 style=\"text-align: center;\">La garderie <strong data-start=\"71\" data-end=\"84\">R\u00e9aum\u00f4mes<\/strong> est g\u00e9r\u00e9e par l\u2019association <strong data-start=\"113\" data-end=\"124\">Calypso<\/strong>.<\/h3>\n<h3 style=\"text-align: center;\">Pour tout renseignement, merci de les contacter \u00e0 l\u2019adresse suivante : <strong data-start=\"199\" data-end=\"232\"><a class=\"decorated-link cursor-pointer\" rel=\"noopener\" data-start=\"201\" data-end=\"230\">reaumomes@calypsopouzauges.fr<\/a><\/strong> ou par t\u00e9l\u00e9phone au <strong data-start=\"253\" data-end=\"271\">07 61 86 85 46<\/strong>.<\/h3>\n<iframe src=\"\/\/docs.google.com\/viewer?url=https%3A%2F%2Freaumur-saintemarie.fr%2Fwp-content%2Fuploads%2F2025%2F11%2FGarderie-Reaumomes-dossier-2025-2026.pdf&hl=fr&embedded=true\" class=\"gde-frame\" style=\"width:100%; height:500px; border: none;\" scrolling=\"no\"><\/iframe>\n<p class=\"gde-text\"><a href=\"https:\/\/reaumur-saintemarie.fr\/wp-content\/uploads\/2025\/11\/Garderie-Reaumomes-dossier-2025-2026.pdf\" class=\"gde-link\">T\u00e9l\u00e9charger (PDF, 245KB)<\/a><\/p>\n","protected":false},"excerpt":{"rendered":"<p>La garderie R\u00e9aum\u00f4mes est g\u00e9r\u00e9e par l\u2019association Calypso. Pour tout renseignement, merci de les contacter \u00e0 l\u2019adresse suivante : reaumomes@calypsopouzauges.fr ou par t\u00e9l\u00e9phone au 07 61 86 85 46.<\/p>\n<p class=\"continue-reading-button\"> <a class=\"continue-reading-link\" href=\"https:\/\/reaumur-saintemarie.fr\/index.php\/accueil-periscolaire\/\">Lire la suite&#8230;<i class=\"crycon-right-dir\"><\/i><\/a><\/p>\n","protected":false},"author":9,"featured_media":0,"parent":0,"menu_order":0,"comment_status":"closed","ping_status":"closed","template":"","meta":{"ngg_post_thumbnail":0,"footnotes":""},"class_list":["post-50","page","type-page","status-publish","hentry"],"_links":{"self":[{"href":"https:\/\/reaumur-saintemarie.fr\/index.php\/wp-json\/wp\/v2\/pages\/50","targetHints":{"allow":["GET"]}}],"collection":[{"href":"https:\/\/reaumur-saintemarie.fr\/index.php\/wp-json\/wp\/v2\/pages"}],"about":[{"href":"https:\/\/reaumur-saintemarie.fr\/index.php\/wp-json\/wp\/v2\/types\/page"}],"author":[{"embeddable":true,"href":"https:\/\/reaumur-saintemarie.fr\/index.php\/wp-json\/wp\/v2\/users\/9"}],"replies":[{"embeddable":true,"href":"https:\/\/reaumur-saintemarie.fr\/index.php\/wp-json\/wp\/v2\/comments?post=50"}],"version-history":[{"count":9,"href":"https:\/\/reaumur-saintemarie.fr\/index.php\/wp-json\/wp\/v2\/pages\/50\/revisions"}],"predecessor-version":[{"id":4814,"href":"https:\/\/reaumur-saintemarie.fr\/index.php\/wp-json\/wp\/v2\/pages\/50\/revisions\/4814"}],"wp:attachment":[{"href":"https:\/\/reaumur-saintemarie.fr\/index.php\/wp-json\/wp\/v2\/media?parent=50"}],"curies":[{"name":"wp","href":"https:\/\/api.w.org\/{rel}","templated":true}]}}